 Let z be v(-2). Let f(d) = 8*d + 41. Let x(y) = -2*y - 10. Let i(h) = -2*f(h) - 9*x(h). Calculate i(z).
-6
Let u(v) be the first derivative of -v**6/120 + v**5/20 - v**4/24 + v**3/2 + v**2/2 - 7. Let t(q) be the second derivative of u(q). What is t(3)?
0
Let u(r) = r + 4. Suppose 0 = -1433*m + 1432*m - 5. What is u(m)?
-1
Suppose -1024 = 19*x - 340. Let r = x + 41. Let n(o) = 4*o - 1. Let b(h) = -11*h + 2. Let w(d) = 3*b(d) + 8*n(d). Calculate w(r).
-7
Let m(n) = -10*n + 20 + 3 - 19 + 3 + n**2 - 3. Give m(9).
-5
Let j = 21 + -16. Let o(y) = y**3 - 6*y**2 + 4*y. Let r be o(j). Let i(t) = -t**3 - 5*t**2 - t - 7. What is i(r)?
-2
Let n(b) = -3*b + 3. Let s be n(-9). Suppose -c + s = -6*c. Let f(a) = a**2 + 4*a + 3. What is f(c)?
15
Let t(g) be the first derivative of g**2/2 - 83. Give t(-8).
-8
Let j(x) = -x**2 - 3*x + 3. Let c be j(0). Let h(a) = 5*a - c*a + 1 + 0 + 2*a. Calculate h(1).
5
Let f(d) be the second derivative of 0*d**2 - 12*d + 5/6*d**3 + 0 + 1/6*d**4. What is f(-4)?
12
Let k be (-1)/(-5) - (-81)/45. Let t(c) = 3*c**k - 2*c**2 - 6*c + 34 - 33. Calculate t(7).
8
Suppose -9*p - 387 = 153. Let b = -67 - p. Let o(u) = 11*u**2 + 7*u + 10. Let n(r) = 5*r**2 + 4*r + 5. Let h(w) = 9*n(w) - 4*o(w). Give h(b).
-2
Let j = -57 - -60. Let c be (2/6 - 1)*-3. Let w(o) = 2*o**2 - o**c - 4*o + 1 + 0*o. What is w(j)?
-2
Let s(h) = h**2 + 10*h - 3. Let o(r) = r**2 - 15*r + 39. Let z be o(5). Determine s(z).
8
Let w = -3 + 5. Suppose -25*y = -26*y. Let g(k) = -k**3 + y*k + 28 + 2*k - k - 30 + 2*k**2. Calculate g(w).
0
Let n(o) = -o**3 - 6*o**2 - 8*o - 4. Let j(m) = 11*m - 39. Let q be j(3). Determine n(q).
44
Let x(l) = l**3 - 2*l**2 - 2*l + 1. Let o(u) = -u**2 + 8 - 5*u + 2*u + 3*u. Let z be o(0). Let v(c) = -c**2 + 8*c - 2. Let k be v(z). Determine x(k).
-11
Let g(d) = -267*d + 531*d - 263*d + 14. Calculate g(-12).
2
Let m(p) = -p**3 + 8*p**2 - 7*p + 9. Let y(v) = v**2 + 4*v + 2. Let j be y(1). Calculate m(j).
9
Let l(a) be the third derivative of -a**4/24 + a**3 + a**2. Suppose 5*k - 2*p = 10, -5*k = -3*k + 5*p + 25. What is l(k)?
6
Let s(m) = 5*m**3 - 2*m**2 + 1. Let k = -123 - -122. Give s(k).
-6
Let g(v) = v**3 + 9*v**2 + 4*v + 3. Let r(c) = -5*c - 11*c**2 + 541 - c**3 - 272 - 272. Let q(b) = -5*g(b) - 4*r(b). Let a = -3 + 0. Determine q(a).
15
Suppose 0 = -4*c - 6*c + c. Let v(j) = -j**2 - 26. Determine v(c).
-26
Let y(i) be the first derivative of 2*i + 53 + 3/2*i**2. Give y(2).
8
Let y(m) = -m + 1. Let w = 41 - 115. Let c = -49 - w. Suppose c = g - 6*g. What is y(g)?
6
Let i(l) be the second derivative of l**4/12 - 4*l**3/3 + 9*l**2/2 - l + 28. Give i(7).
2
Let i(k) be the third derivative of -3*k**6/40 + k**5/60 - k**4/24 + k**3/6 - 12*k**2 - 2*k. Calculate i(1).
-8
Let n = -19 - -20. Let r(s) = 1 + 6*s**2 + 2*s + 3*s + n - 5*s**2. What is r(-6)?
8
Let m(w) = 2*w + 4. Suppose 2*v = -2*y + 18, -2*y - 3*v = -y - 19. Let n be ((-4)/6)/((-14)/63). Suppose -5*t = n*s + 17, 5*s + t = y*s - 5. Give m(s).
-4
Suppose 5*c - 2 = 23. Let x = c + -4. Suppose -i + x = -2*u, 13 = u - i - 4*i. Let g(n) = -n**3 - n**2 - 2*n - 1. What is g(u)?
7
Suppose -4*z = -3*v - 12, -z = -v + 1 - 5. Let p(y) = 0 + z + 3*y - 6. Give p(4).
6
Suppose -j - 3 = -4*j. Let k(f) = 85*f**2 + j - f**3 + 0 - 87*f**2. Determine k(-3).
10
Suppose 2*n - 16 = 3*d - 5*d, -n - 5*d = -4. Let f(x) = x**2 - 8*x - 1. What is f(n)?
8
Let m(p) = p**3 - 6*p**2 + 3*p - 8. Let g be (-1)/(-9) - 85/(-45). Suppose 3*r = 2*h - g*r - 22, -3*h + 12 = 3*r. Determine m(h).
10
Let x(l) = l**3 - l**2 - 3*l - 2. Let z(w) = 2*w**2 - 13*w - 101. Let g be z(11). Give x(g).
-8
Suppose -p + 3*r + 4 = 1, 4 = 2*p - 4*r. Suppose -3*c - 2*c + 55 = p. Let n = c - 14. Let a(u) = -2*u**2 - 2*u. What is a(n)?
-12
Let b(q) = -3 - 6 - 2*q + 0 - 2. Give b(-8).
5
Let p be (12/(-8))/(9/48). Let v = p + 7. Let q(n) = n**2 + 5 - 4 + 10*n**2. Determine q(v).
12
Let n = -3 + 9. Let d(f) = -38*f + 81*f - f**2 + 4 - 37*f. Give d(n).
4
Let o(d) = -4*d**3 - 6*d**2 + d - 2. Let w(p) = -p**3 + 1. Let z(q) = -o(q) + 5*w(q). Let i(g) = g + 11. Let t be i(-5). What is z(t)?
1
Suppose -65*n + 4 - 69 = 0. Let l(a) = 44*a**2 - 2*a - 2. Give l(n).
44
Suppose 1 = -9*p + 19. Let n(z) = -z**2 + 7*z + 5. Let d be n(7). Let m(o) = d - 3 - 7 - p*o. Give m(-4).
3
Let f(b) = -b**3 + 9*b**2 + 7*b**2 - 3*b - 13*b**2 + 2*b**3. Give f(-4).
-4
Suppose -m + 4*i - 26 = 0, -2*i - 19 - 1 = 5*m. Let o be 3/m*(4 + 0). Let n(h) = h**3 + 2*h**2 + 2*h - 1. What is n(o)?
-5
Let v(s) = -2*s**3 - 2*s**2 - 3*s - 2. Let j(a) = -7*a - 148. Let q be j(-21). Give v(q).
1
Let c(s) = -s**3 - 5*s**2 + 2. Let b be c(-5). Suppose b*q + 21 = -q. Let t(j) be the first derivative of -j**3/3 - 5*j**2/2 + 9*j - 225. What is t(q)?
-5
Let h(c) be the third derivative of -c**3 + 0 + 0*c - 1/60*c**5 + 6*c**2 - 1/3*c**4. Calculate h(-6).
6
Let j(v) = -v**2 - 7*v + 8. Let w(a) = a**2 + 7*a - 7. Let z(o) = -5*j(o) - 6*w(o). Let i be (-9)/(14/((-224)/(-24))). What is z(i)?
8
Let u(w) = 4*w - 149*w**2 + 2 - 163*w**2 + 2*w**3 + 314*w**2. Let d(p) = -3*p**2 + p. Let b be d(1). Calculate u(b).
-14
Let j(c) be the second derivative of 7*c**3/6 + 7*c**2/2 + 13*c. Let y(i) = 6*i + 7. Let k(l) = -2*j(l) + 3*y(l). Calculate k(-6).
-17
Let m(d) = -d + 1. Let l(a) = a**3 + 6*a**2 + 3*a + 4. Let k be l(-5). Let v = -18 + k. Let w(j) = j**2 + 4*j - 6. Let b be w(v). Give m(b).
7
Let b(q) = q**2 + 8*q + 6. Let o be (-18)/14 + 1 + 297/(-63). What is b(o)?
-9
Let m(s) = -25496*s + 25494*s + 2*s**2 - 2 + 2*s**2. Suppose y + 1 = 3. What is m(y)?
10
Let m(g) be the second derivative of -5*g**3/3 - 5*g**2/2 - 276*g. Calculate m(-1).
5
Let g be (-11)/(-3)*3 + -2. Let w(t) = -3*t + 7. Let f(r) = -7*r + 14. Let n(j) = g*w(j) - 4*f(j). Suppose 3*k - 7*k = -13*k. Calculate n(k).
7
Let x(r) = -4*r**2 + 6*r**2 - 22*r - 3*r**2 + 6*r + 11*r - 3. Determine x(-8).
-27
Let j(s) be the second derivative of 0*s**2 + 0*s**3 - 1/120*s**5 + 4*s + 0 + 5/12*s**4 - 1/180*s**6. Let t(k) be the third derivative of j(k). What is t(-1)?
3
Let z(c) = -2*c**2 + 8*c. Let y be (3 + (-6)/4)*4. Let f be z(y). Let o = f - -24. Let t(q) = -q**3 - q**2 - q - 5. Determine t(o).
-5
Let z(g) be the second derivative of -19*g**4/24 - g**3/6 + 8*g**2 - 19*g. Let a(d) be the first derivative of z(d). Let n be 3/2*(-2)/3. Determine a(n).
18
Suppose -5*o + 4 = -1. Let c be o/3 - (-80)/30. Let f(n) = 4 - c*n - 1 - 5 - 7. Determine f(-6).
9
Let x = 32 - 27. Let t(f) = -4 + 0 + x + f**2. What is t(4)?
17
Suppose 11*r = 7*r + 8. Suppose 25 = -7*w + 2*w, -3*g + r*w = -31. Let u(o) = g*o - 4*o + 7 - 3*o - o. Calculate u(5).
2
Let w(t) = -2*t**3 - t - 1. Let h(c) = 0*c + 0*c**2 + 7 - 5*c - 5*c + c**2. Let i be h(6). Let b = 16 + i. What is w(b)?
2
Let k = -4 + 6. Suppose p + a - 1 = k*p, -p + 4*a + 2 = 0. Let l(h) be the second derivative of -h**3/6 - h**2 - h. Calculate l(p).
0
Let f(j) = 3*j**3 + 8*j**2 - j - 5. Let o(l) = 5*l**3 + 12*l**2 - 2*l - 8. Let q(h) = -8*f(h) + 5*o(h). Suppose 114 = 6*k + 90. Give q(k).
-8
Let c = -120 - -124. Suppose 8*q + c = -12. Let f(i) = -3*i**3 - 3*i**2 - 2*i - 3. Determine f(q).
13
Suppose 0 = 5*m + 4*y - 10 + 41, 3*m + 5 = y. Let x(a) be the second derivative of -a**4/12 - a**3 - 2*a**2 - 84*a - 2. Determine x(m).
5
Let x(t) = 7*t - 81. Let q(v) = -5*v + 52. Let k(a) = -8*q(a) - 5*x(a). Give k(8).
29
Let c(v) = -22*v - 7. Let i be c(-2). Let q(u) = i - 4*u - 18 - 20. Determine q(-1).
3
Let x(w) = -w**2 + w - 5. Let f(q) = -20*q - 380. Let i be f(-19). What is x(i)?
-5
Let l(j) = -j**3 + 4*j**2 + 4*j - 3. Let s be 5 + 8/(-88)*0. Give l(s).
-8
Let m(j) = -j**3 + 5*j**2 + 7*j. Let f be m(6). Let o(n) = 3 + 3 + 0 + f*n - 2. What is o(-3)?
-14
Let m be (-116)/(-14) + 2/(-7). Suppose 8*j - 4*j = m. Let x(p) be the third derivative of -p**4/6 - p**3/6 + 81*p**2. What is x(j)?
-9
Let i(y) = -y**3 - 6*y**2 - 4. Let c(v) = -v**3 - 16*v**2 - 17*v + 6. Let q be c(-15). Suppose -q = -3*n + 9*n. Determine i(n).
-4
Let c(i) = i**2 - i + 3. Suppose 4*u - 2 = o, 5*o = 3*o + 3*u - 9. Let t = -15 - -9. Let w = t - o. Give c(w).
3
Let w(a) be the first derivative of 7*a + 1/3*a**3 - 5 - a**2. Calculate w(5).
22
Let l be -5*8/5*(12 - 11). Let i(v) = 10*v + 2*v + v**2 + 8*v**2 - v**3 + 2*v**3 + 10. Determine i(l).
-22
Let b(f) be the 